 3*g**2 - 6*g - 3. Let u(m) = -3*m**3 - 10*m**2 - 18*m - 10. Let v(q) = 11*h(q) - 4*u(q). Give v(a).
7
Let x(u) = -2*u. Let s(l) = l - 5. Let g be s(7). Let f be x(g). Let n(c) = -2*c - 1. Give n(f).
7
Let t(r) = -r**3 - 7*r**2 - 8. Let m be (1 - 31)/5 + -1. Determine t(m).
-8
Let q(u) = -6*u + 1. Suppose 4 = w - s, w + 2*s = s + 4. Suppose -2*o = -r - 1, 0 = -4*r + w. Let d be q(o). Let n(v) = v**3 + 4*v**2 - 4*v + 5. Calculate n(d).
0
Suppose -2*y + 5*z + 10 = -7*y, -y - 2 = -5*z. Let q(o) = -2*o + 2. Calculate q(y).
6
Let s(b) = -b**2 + 4*b + 1. Let w(g) = g**3 - 7*g**2 + 3*g + 3. Let l be w(6). Let a = -11 - l. What is s(a)?
1
Let v(c) = -c**2 + c. Let h(w) = 6*w**2 - 12*w - 8. Let p = 13 + -14. Let g(n) = p*h(n) - 5*v(n). Calculate g(7).
8
Let w be 32/14 + (-8)/28. Let t(i) = 2*i**w - 3 - i + i**3 - 4*i**2 + i**2. Let b(j) = j**3 + 10*j**2 + 9*j. Let s be b(-9). Give t(s).
-3
Let d be (6*(-3)/(-15))/((-3)/(-10)). Let o(x) be the third derivative of x**4/24 + x**3/2 + 2*x**2. What is o(d)?
7
Let l(g) be the first derivative of -2*g**2 + 1/4*g**4 + 2 - 1/3*g**3 + 3*g. Calculate l(2).
-1
Let p(u) = -9*u - 121 + 0*u**2 + 239 - u**2 - 120. What is p(-9)?
-2
Let c be (4/6)/(24/(-108)). Let r(a) = -2*a + 7. Suppose -2*n = 2*n - 12. Let p(k) = k - 6. Let t(f) = n*p(f) + 2*r(f). Determine t(c).
-1
Let r(d) = -d**3 + 1. Let x(t) = -6*t + 2. Let n be x(-2). Suppose -2*u = 4*j - n, -1 - 3 = -4*j. Suppose -17 = 5*w + 3*b, 6*w - 2*w - 16 = u*b. What is r(w)?
2
Let l(s) = -15*s**2 - 19*s + 9. Let t(y) = -8*y**2 - 10*y + 5. Let g(b) = -6*l(b) + 11*t(b). What is g(-3)?
7
Let t(m) = m - 5. Let a(d) = d**2 + 8*d + 7. Let b be a(-7). Calculate t(b).
-5
Let x(w) = -6*w + 2. Let b(v) = -14*v + 5. Let y(j) = -6*b(j) + 15*x(j). What is y(3)?
-18
Let y(n) be the first derivative of -n**3/3 + n**2/2 + 2. What is y(2)?
-2
Suppose 5*o + 15 + 0 = 0. Let a = o + 3. Let u(f) = -f - 8. Give u(a).
-8
Let g = 18 + -15. Let z(y) = y - 2. Let x(q) = -q - 1. Let k(p) = -7*p - 5. Let t(i) = k(i) - 6*x(i). Let m(o) = g*t(o) + 4*z(o). Determine m(-4).
-9
Let i(r) = r**2 - 5*r + 1. Suppose c = -3*c. Let u = c - -5. Let j be i(u). Let x(z) = 5*z + 1. Calculate x(j).
6
Let a = 38 - 45. Let z(d) = d - 4. Calculate z(a).
-11
Let f(d) = -d**2 - 2*d - 1. Let m(j) = j**3 + 2*j**2 - 2*j - 1. Let u be m(-3). What is f(u)?
-9
Suppose -15 = -5*q - 0*q. Let d(j) = 3*j**2 - j**2 + 0*j**2 - 10*j**q - j**2. Give d(-1).
11
Let m(d) = -3*d + 2*d**3 - 34*d**2 + 2 - 3*d**3 + 39*d**2. Calculate m(5).
-13
Let m(j) = 2*j + 10. Suppose 40 = -4*n + 2*d + d, 0 = 5*d - 20. Give m(n).
-4
Let a(w) = 7*w + 3. Let v(g) = -6*g - 2. Let r(m) = 5*a(m) + 6*v(m). Let i = 8 - 5. Suppose -i*j + 7*j = 0. Calculate r(j).
3
Let m be (-15)/(-2)*(0 + 2). Suppose -u - m = 2*u. Let q(r) = 14*r + 1. Let l(t) = 12*t + 2. Let g(o) = -6*l(o) + 5*q(o). Determine g(u).
3
Let v(z) be the second derivative of -z**3/6 + z**2/2 + 9*z. What is v(0)?
1
Let o(n) be the first derivative of n**4/4 - 4*n**3/3 - 7*n**2/2 + 4*n + 6. What is o(5)?
-6
Let p(s) = s - 3. Let t = 6 + -6. Let g be 1/(-2)*(-1 - -1). Let r = t + g. Calculate p(r).
-3
Let p(j) = -j + 2. Let i(t) = -3*t**3 - t**2 + t - 1. Let v be i(1). What is p(v)?
6
Let o(l) = 2 + 3 - 3 - 3 + 5*l. Let n be o(-3). Let g be 9/4*n/6. Let s(w) = w**2 + 5*w - 8. Calculate s(g).
-2
Let q(t) = -8*t - 11*t - 23 + 6*t. Let m(b) = -3*b - 6. Let a be (-1 + 2/1)*9. Let y(p) = a*m(p) - 2*q(p). What is y(0)?
-8
Let m = 1 + 1. Let c(x) = -2 - 2*x + 2*x**2 + 3 + 3*x**m - 8*x**2. Determine c(-2).
-7
Let n(p) = 17*p + 6*p**2 - 2*p - 14*p + p**3 - 2 - 6. What is n(-6)?
-14
Suppose 3 = 2*f + 1. Let t(o) = 3*o**3 - 7*o**2 + 6*o. Let y(d) = 2*d**3 - 8*d**2 + 7*d. Suppose -3 + 15 = -2*z. Let w(g) = z*t(g) + 5*y(g). Give w(f).
-7
Suppose -5*i - 3*v - 4 = 0, 3*i - v = -0*v + 6. Let m(a) = 7*a + 1. Calculate m(i).
8
Let l = 6 + -3. Let q(p) = 4 + l - 9*p + 3*p - 4. Calculate q(3).
-15
Suppose -2*z - 5 = 1. Let c(g) = -4*g - 2. Calculate c(z).
10
Suppose 0*w = 2*w. Let u = 2 - w. Let b(g) be the second derivative of -g**5/10 + g**4/4 - 2*g**3/3 + 3*g**2/2 + 5*g. What is b(u)?
-9
Let d(c) = 29*c + 26*c - 2 - 57*c. Let y be (-5 + 1)/4 + -2. Determine d(y).
4
Let d(u) be the third derivative of u**5/60 + u**4/4 - 5*u**3/6 + u**2. Let x be d(-7). Let r(h) = x*h**2 + 0*h**2 + 3*h - 7 + 3. Calculate r(-3).
5
Let j(y) be the second derivative of -y**8/6720 - y**7/420 - y**6/180 + y**5/30 - y**4/6 + y. Let n(w) be the third derivative of j(w). Give n(-5).
-1
Let h(d) = d**3 - 6*d**2 + 7*d - 2. Let q be 5 + -1 - (-6)/(-3). Let v be 1/((-10)/4)*-5. Suppose q*n = 4*j - 20, -4*j - 2*n = -v - 18. Determine h(j).
8
Let u = -1 + 5. Let g = 1 + u. Let l(w) = -w**2 + 5*w - 1. Determine l(g).
-1
Let g(p) = -p**2 + 2. Suppose o - 2 = h, 9*o = 4*o + 2*h - 2. What is g(o)?
-2
Let t(r) = -r**3 + 2*r. Let x = -11 + 9. Let d be (0 - x)/(1*-1). Determine t(d).
4
Let h(k) be the second derivative of k**5/60 - 7*k**4/24 - k**3/3 - 5*k**2/2 + 2*k. Let c(i) be the first derivative of h(i). Determine c(7).
-2
Suppose 0*g - 4*g = -5*b - 47, 0 = -g - 2*b + 15. Let h = 12 - g. Let z(v) = -6*v**3 - v**2 - 2*v - 1. What is z(h)?
6
Let p(d) be the first derivative of d**5/120 + d**4/3 - d**3 - 3. Let a(x) be the third derivative of p(x). Determine a(-5).
3
Let p(s) = 5*s + 4. Suppose -4*k = -7*k - 9. Determine p(k).
-11
Let t(n) be the third derivative of n**6/60 + n**5/20 + n**4/24 + n**3/3 + 19*n**2. Give t(-2).
-4
Suppose 0 = 3*n - n, -5*t = -3*n - 20. Let d(x) = -x**3 + 5*x**2 + x - 4. Calculate d(t).
16
Let y(m) = 3*m + 6. Suppose 8 + 34 = -3*c. Let f = 10 + c. Determine y(f).
-6
Let t(p) = 2*p + 1. Let g(m) = -2*m - 1. Let l(j) = -5*g(j) - 6*t(j). What is l(1)?
-3
Let v be 0 + 1*0/4. Let r(s) be the third derivative of 1/6*s**4 + 1/6*s**3 + v - 2*s**2 + 0*s. Calculate r(2).
9
Let t(f) = -f**3 - 5*f**2 + 6*f - 1. Let l be t(-6). Let w(v) = 0*v**3 + 0*v - 1 - 6*v**3 - v. Determine w(l).
6
Let h = 7 - 2. Let f(w) be the second derivative of -w**5/20 + w**4/3 + 5*w**3/6 - w**2/2 - 4*w. Calculate f(h).
-1
Let p be 18/8*16/6. Let v(k) = 8*k**2 - 15*k + 7. Let x(q) = -7*q**2 + 14*q - 7. Let z(y) = -6*v(y) - 7*x(y). Determine z(p).
-5
Let o(n) be the second derivative of -n**4/12 - 2*n**3/3 + 7*n**2/2 + 13*n. What is o(-6)?
-5
Let x(o) = o**3 - 7*o**2 + 5. Let w(j) = 3*j**3 - 22*j**2 + 16. Let d(i) = -2*w(i) + 7*x(i). Calculate d(4).
-13
Let p(t) = t**2 + 9*t - 10. Let y be p(-10). Let j(c) = c**3 + 7. Give j(y).
7
Let g(w) = -2*w**2 - w**2 - w**3 + w + 0*w**2 + 1. Suppose h - 6 = -2*h. Suppose -4*p + 14 = -3*m - 0, -h = 4*m + 3*p. Calculate g(m).
-5
Suppose -i - 4 = 2*n, -5*i - 7 = -5*n - 2. Let s(t) = t**2 - 1 - 2*t - 4*t**2 - t**2 + 6*t**2 + t**3. Calculate s(i).
3
Let u(w) be the third derivative of -w**4/24 - 2*w**3/3 - 4*w**2 + w. What is u(-3)?
-1
Let o(v) be the first derivative of 1 + 1/2*v**2 + 1/3*v**3 + v. Give o(2).
7
Let u(v) be the third derivative of v**6/120 - v**5/10 + v**4/6 - v**3/6 + 11*v**2. What is u(5)?
-6
Let o(w) = -w**2 + 3*w - 1. Let n be ((-6 - 0)/(-1))/2. Let h = 0 + n. What is o(h)?
-1
Let h = 1 + -1. Let f(k) = k**2 - k + 1. Let u(m) = m**2 - 2*m. Let r(z) = 2*f(z) - u(z). What is r(h)?
2
Let b(g) = -g**2 - 10*g + 12. Let t be b(-11). Let s(n) = 2*n**2 - 2*n + 4 - 2*n - 3*n**2 + t. Determine s(-6).
-7
Let f(p) be the first derivative of p**2/2 + 3*p - 7. Determine f(-3).
0
Let d(f) = 3*f - 13. Let n(v) = v. Let r = 7 + -9. Let a(s) = r*n(s) + d(s). Let p be a(11). Let q(h) = h**2. Determine q(p).
4
Let j be (-6)/3*(4 + -3). Let s(l) = -l**2. Let b(h) = -h**3 + 3*h**2 - h + 4. Let x(o) = j*s(o) - b(o). Give x(0).
-4
Let i = 16 + -16. Let x(k) = -k**2 - k + 7. Determine x(i).
7
Let w(i) = -i - 3. Let s be 2*(-2)/4 + -4. Give w(s).
2
Let k(f) = -f**2 + 2*f + 1. Suppose 5*l + 0*h - 2*h = 14, -3*l + 6 = -2*h. Let m = -9 - -13. Suppose 4 = l*i + 3*r, 4*i + m = -6*r + r. Determine k(i).
-7
Let h be 2/5 + (-4)/10. Let d(f) = -f**3 - f + 4. Determine d(h).
4
Let w(i) = 32*i - 5*i**2 - 32*i + i**3. Let x(k) = 4*k**2 + 1. Let y be x(1). What is w(y)?
0
Let r(p) = -p + 14. Let t be r(12). Let u(l) = -t*l + 4*l + 1 + 1 + l**2. Give u(-2).
2
Let u(d) = d**2 - 5*d - 2. Let m(v) = -v**3 + 6*v**2 + 6. Suppose -2 - 4 = -i. L